n(8). Let j(r) = 0*r**3 - 1854*r + 1855*r + 2*r**2 + u*r**3. Determine j(-1).
-20
Suppose -2*t + 33 = 33. Suppose -3*v + 24 + 3 = t. Let d be (v - 0)*(-2)/6. Let y(f) = f - 4. Determine y(d).
-7
Let s(q) be the first derivative of q**4/4 - 20*q**3/3 + 33*q**2/2 - 14*q + 6335. What is s(18)?
-68
Let r(g) = -1 - g - g + 4*g**2 + 7*g. Let n(k) = 5*k**2 + 6*k - 1. Let x(s) = -5*n(s) + 6*r(s). Let h be ((-6)/(-4) + -1)/((-209)/(-1254)). What is x(h)?
-10
Let v(m) = m + 13. Let c be (-94 - -79) + 0 + -3. What is v(c)?
-5
Let i(n) = 23*n - 5. Let f(c) = -91*c + 20. Let j(b) = f(b) + 5*i(b). Determine j(-2).
-53
Let q(j) = j**3 + 29*j**2 + 44*j - 268. Let s be q(-27). Let h(i) = i**2 - 7*i - 1. What is h(s)?
-11
Let g(i) = -i**3 + 18*i**2 - 15*i - 14. Let q = 86 - 69. Determine g(q).
20
Suppose -38*c - 294 + 0 = -28. Let w(q) = 3*q + 31. Calculate w(c).
10
Suppose 8*x = 13*x. Suppose -21 = -5*q - 6. Let z(f) = 2 + 56*f**2 - 52*f**2 - q*f + x*f. What is z(2)?
12
Let n(f) be the first derivative of -5*f**4/4 - f**3/3 + f**2 + f + 3562. Determine n(1).
-3
Suppose -5*k = -10*k - 5*f - 50, 50 = -5*k - 3*f. Let w(s) = -4*s - 51. What is w(k)?
-11
Let k(w) = -2*w + 55. Suppose 4*d + 5*n - 94 = 0, 4*d + 6*n - 106 = 3*n. What is k(d)?
-7
Let g be (4*(-6)/(-40))/((-2)/(-10)). Suppose 2*l = -g*l + 20. Let m(u) = 0 - 2*u**2 - 1 + 0 - 3*u + l. Determine m(-3).
-6
Let y(r) = -3*r + 1142 - 1161 - 48*r. Let c(q) = -23*q - 9. Let l(z) = 13*c(z) - 6*y(z). Calculate l(3).
18
Let h(f) = f**2 - 18*f + 34. Let w be h(16). Suppose -5*l + w*d = 12, -4*d + d - 8 = -l. Let j = l + 1. Let g(a) = -a**3 - 2*a**2 - 3*a - 4. What is g(j)?
14
Let u = 793 - 791. Let g(t) be the first derivative of 3/2*t**u + 4 + 3*t. Give g(-3).
-6
Suppose 8*s + 16 - 40 = 0. Let z(a) = -s*a + 56 + 56 - 113 - a**2. Suppose -4*v = -v + 12. What is z(v)?
-5
Let i(r) = -4*r**2 + 6*r + 9. Let s(z) = 3*z**2 - 6*z - 8. Let m(p) = -4*i(p) - 5*s(p). Suppose -f - 89*d + 14 = -87*d, -2*d = 3*f - 6. Give m(f).
-4
Suppose x + 5 = c, 16 = 4*c - 2*x - 6. Suppose -2*k + 2 = -c. Let o(a) = -1 + 0*a - 4*a**2 + 5*a**2 + 10*a - k. Calculate o(-10).
-5
Let p(r) = 1 - 4 - 3*r - 4 + 4 - 2*r**3. Suppose -o + 215 = -12. Let x = 225 - o. Give p(x).
19
Let d(n) be the first derivative of n**2 - 49*n - 2894. Give d(-12).
-73
Let r(d) = d + 5. Let l = -201 - -205. Suppose 4*u + 5*p - 10 = 3*u, -l*u - 4 = -2*p. What is r(u)?
5
Let u(c) be the first derivative of -11*c**2/2 - 97*c - 52. Let q be u(-9). Let r(t) = t + 1. Give r(q).
3
Let p(t) = -2*t + 45. Let f be p(24). Let d(c) = -c**3 - 5*c**2 + 2*c + 18. Give d(f).
-6
Let x(c) = -8*c + 3. Let u(k) = -39*k + 15. Let r(p) = -6*u(p) + 33*x(p). Let v be r(-2). Suppose -2*q - v = -63. Let o(f) = f**2 + f - 2. Determine o(q).
4
Suppose 15*t = 5*t - 140. Let x(d) = 10*d. Let y(z) = -2*z. Let u(l) = t*y(l) - 3*x(l). Suppose 0*v - 5*m + 2 = 2*v, 0 = 3*m. Give u(v).
-2
Let l(b) = -3*b**3 - 1058*b**2 - 11*b + 1. Let c(n) = -7*n**3 - 2379*n**2 - 23*n + 1. Let v(s) = 4*c(s) - 9*l(s). Let o = 23 - 16. Determine v(o).
-5
Let k(i) = -i**2 - 65*i + 753. Let f be k(-75). Let h(s) be the second derivative of 0 - s**2 + 1/12*s**4 - 14*s + 1/2*s**f. Determine h(-3).
-2
Let s be ((-464)/(-280))/((-2)/20) - 172/(-301). Let q(r) = -r**3 - 17*r**2 - 20*r - 27. What is q(s)?
37
Suppose 137*w = 152*w - 30. Let u(n) = -7*n - 5. Suppose 5*o + 18 = 2*o. Let f(x) = -6*x - 4. Let v(q) = o*f(q) + 5*u(q). Give v(w).
1
Let o(u) = -11*u - 6*u + 16*u + u**2. Let b(m) = -8*m**2 + 2*m. Let a be ((-18)/27)/(1/((-9)/(-6))). Let j(p) = a*b(p) - o(p). Give j(1).
6
Let b be -1*1*1*(0 - 4). Let m(z) = z**2 + 11356 - 11361 + 14*z - b*z. Calculate m(-11).
6
Let a(y) = 9 - 7 + 18 + 13 + 9*y. Give a(-3).
6
Let l = 286 - 190. Let k(t) = 195*t - 3 - l*t + 2 - 8*t**2 - 101*t. Determine k(-1).
-7
Let g(t) = t**3 + 15*t**2 + 13*t - 16. Suppose 383 = -81*n - 751. Determine g(n).
-2
Let s(a) be the first derivative of -15*a**3 - 93*a**2/2 - 5*a - 6184. Give s(-2).
1
Let k = 28673 + -28677. Let y(n) = -2*n**2 - 2*n + 9. Determine y(k).
-15
Let l(x) = 103*x**3 + 6*x**2 - 9*x + 13. Let b(o) = -489*o**3 - 30*o**2 + 44*o - 64. Let v(q) = 4*b(q) + 19*l(q). What is v(3)?
-21
Let w(d) = -d**3 + 6*d**2 - 2*d + 4. Let i be -9*(2/(-4) - 340/24). Suppose -b + 23*b = i. What is w(b)?
-8
Let r(i) = 14*i**2 + 166*i + 383. Let a(x) = -5*x**2 - 56*x - 128. Let g(s) = -17*a(s) - 6*r(s). Let n(b) be the first derivative of g(b). Determine n(18).
-8
Let g(d) = 3*d + 3. Let r(n) = -4*n**3 + 3*n**2 + n. Let j be r(-3). Let k = 116 - j. Let h = k + 12. Give g(h).
-9
Let y(b) be the third derivative of -b**6/45 + 25*b**4/4 - 35*b**2 + 1. Let w(q) be the second derivative of y(q). Determine w(2).
-32
Let h(t) = -2*t**3 + 19*t**2 + 16*t + 2. Let v(q) = -2*q**2 - 11*q. Let r(s) = h(s) + 2*v(s). Give r(7).
9
Suppose -5*q + 373 = 4*m + 148, -220 = -5*q - 5*m. Let i = -51 + q. Let a(f) = f**3 + 3*f**2 + 2*f + 1. Calculate a(i).
1
Let x(d) = -d**2 + 2*d + 3. Let p(v) be the third derivative of v**6/120 + v**5/4 + v**4/2 - 4*v**3 + 49*v**2. Let i be p(-14). Calculate x(i).
-5
Let n(g) = -g**3 - 88*g + 9*g**2 - 3*g**2 + 2 + 91*g. Suppose -158*i = -156*i - 12. Calculate n(i).
20
Let o(c) = -3*c + 3. Suppose u = -3*l + 11, l + 4*u - 5 - 17 = 0. Suppose -l*n + 8 = 0, 4*n + 2 = -0*z + 2*z. Suppose -16 - z = -5*i. Calculate o(i).
-12
Suppose -3*i + 8 = -1. Let v(q) be the first derivative of 5*q**2/2 - 8552. What is v(i)?
15
Suppose 2*a - 17 = 5*p, 3*a + 53*p - 48*p - 13 = 0. Let g be -9 + 11 + (-3)/a*2. Let o(s) = -2*s**2 + 1. Give o(g).
-1
Suppose -13 = -2*o + 5*f, o + 3 - 14 = 4*f. Let h(g) = 34*g**2 + 8*g + 23. Let r(w) = -66*w**2 - 19*w - 57. Let j(t) = -5*h(t) - 2*r(t). Determine j(o).
-37
Let g = -2391 - -2377. Let t(n) = -n**2 - 15*n - 6. Determine t(g).
8
Let f(g) = g**3 + 10*g**2 + 5*g - 2. Let s be f(-9). Let h be (22/(-88))/(3/(-396)). Let o = s - h. Let w(z) = 4*z**2 + 1. Calculate w(o).
5
Suppose -26*f + 3 = 4 - 79. Let q(u) = -16*u + 54. What is q(f)?
6
Let z(u) = 4*u**3 - 14*u**2 + 6*u + 3. Let t(a) = -a**3 + 2*a**2 - 1. Suppose k = 5 - 6. Let j(l) = k*z(l) - 3*t(l). Calculate j(7).
7
Suppose 3*o - 704 = 5*z - 698, 180 = -2*z + 16*o. Let d(f) = -f - 2*f - 2 + 4*f. What is d(z)?
4
Let c(r) be the third derivative of 0 + 0*r - 2/3*r**3 - 2*r**2 + 1/12*r**4. What is c(3)?
2
Let x(q) = 2*q**2 + q + 1. Let h(b) = 15*b**2 + 2*b + 1. Let f be h(-1). Let o(i) = -i**2 + 12*i - 18. Let p be o(10). Suppose -5*y = p*y + f. Determine x(y).
7
Let v(c) = -60*c - 5 + c**2 - 62*c + 1 + 203*c - 61*c. Calculate v(-16).
-68
Let f(u) = 39*u - 812. Let j be f(21). Let q(m) be the third derivative of m**4/6 + 2*m**3/3 - 3*m**2. What is q(j)?
32
Let s(r) be the second derivative of r**5/20 + 13*r**4/12 + 6*r**3 - 5*r**2 - 7*r + 40. Calculate s(-9).
-10
Suppose 12*o - 146 - 178 = 0. Suppose 0 = x + o - 29. Let a(m) = 111 - 57 - x*m + 4*m - 53. Determine a(4).
9
Let c(r) = 1. Let z(q) = q**3 + 25*q**2 - 2*q - 52. Let b(p) = 6*c(p) + z(p). Give b(-25).
4
Let a(q) = -11*q - 68. Suppose 1751*v + 1072 = 1617*v. What is a(v)?
20
Suppose 2*g - 4 = 0, 4*u - 4*g + g = 66. Let p be (16/3)/(12/u). Let i(h) = 0 + 45230*h + 4 - 45231*h. Give i(p).
-4
Let k(b) = -2*b**2 - b - 1. Suppose 2*o + 10 = -8. Let a be (o/(-5) + -1)/((-24)/(-60)). What is k(a)?
-11
Let i(d) = -8*d**2 + d - 1. Let j(u) = -49*u**2 + 6*u. Let z(r) = 6*i(r) - j(r). Determine z(0).
-6
Let r(b) = b**2 - 15*b + 38. Let d be 22 - (-49)/((-147)/45). Calculate r(d).
-18
Let x be 4/(4 + (-55)/15). Suppose 43 + 65 = -x*q. Let d(p) = p**2 + 8*p + 7. Give d(q).
16
Let r(k) = -k**2 + 577. Let g be r(-24). Let c(p) be the third derivative of -p**6/15 + p**4/12 - p**3/6 - 4*p**2. What is c(g)?
-7
Let s be (4 + 42/(-8))*-28. Let m(t) = -t - 16 + s - 22. Let n(i) = i**2 - 5*i + 4. Let v be n(3). Calculate m(v).
-1
Let v(g) = -21 - 30 - 5*g - 14 - g**3 + 86 - 19. Determine v(3).
-40
Let x(o) be the second derivative of o**5/20 - o**4/3 - 5*o**3/3 - 7*o**2 + 11*o - 326. Calculate x(6).
-2
Let p be (-5)/2*(6 - 8). Let i(a) = -9*a + 42. Determine i(p).
-3
Let v(k) = -k**3 - 4*k**2 - 3*k - 6. Let l be v(-4). Suppose l*t - 10 - 2 = 0. Let a(o) = -4*o**2 + 3*o**2 + o - o - t*o. What is a(-4)?
-8
Let m = -21 + 32. Let p(k) = 7*k + 1. Let z